 number?
True
Let u = 14 - 13. Suppose 7*i - 3*i + 2*n = -18, 0 = -2*i + n + u. Is (-10)/(-20) + (-261)/i a prime number?
True
Suppose 3*s = 6*s - 9. Suppose s*y = -y + 364. Is y composite?
True
Suppose -2 = -2*y + c, 0*c = 5*c + 10. Suppose y = 3*f + 2*f + 5*v - 3215, -5*v + 10 = 0. Is f composite?
False
Suppose 3*c - 106588 = 2*q - 20417, -86201 = -3*c - 4*q. Is c a prime number?
False
Is ((-574996)/16 - 7/4)*-1 prime?
False
Let s = 166 - -643. Is s a composite number?
False
Let r be 5 - 3 - -1 - -1. Is ((-2)/r)/((-15)/33630) a composite number?
True
Let g be 20/(-1) + 4 - -2. Let b = 21 + g. Suppose -b*r - 633 = -10*r. Is r prime?
True
Is ((-6)/(-8)*7)/(273/97916) a prime number?
False
Let g = -227 + -59. Let d = 3685 + g. Let f = d - 2406. Is f a prime number?
False
Suppose 2*u - 6854 = 12*v - 15*v, 3*v + 12 = 0. Is u composite?
False
Let b be 10/(3 + -1) - 2. Suppose 0 = -x - b*g + 605, -4*x + 3*g + 3394 = 1019. Suppose 15*j + x = 19*j. Is j prime?
True
Let o(p) = 7*p**3 - 5*p**2 + 32*p + 9. Let u(r) = -3*r**3 + 3*r**2 - 16*r - 4. Let h(y) = 2*o(y) + 5*u(y). Let v be h(13). Is v/(-3) + 11/33 a composite number?
False
Suppose r = -r + q + 13948, 4*r - 27882 = -5*q. Is r prime?
False
Suppose 4*y - 18 = 4*l + 10, -2*y + 26 = l. Suppose 12*b = y*b + 1618. Is b composite?
True
Is 177016/49 - 0 - (-3)/7 a composite number?
False
Let x = -7919 - -12582. Is x a composite number?
False
Let j(z) = -3*z + 6. Let w be j(0). Suppose 442 = -w*s + 2896. Is s a prime number?
True
Let x be (-2566)/(-9) + (222/(-54) - -4). Suppose l = 5*k - 3*l - x, -4*l - 114 = -2*k. Is k a composite number?
True
Let b = 1681 + 5123. Suppose 0 = 8*i - i + b. Let p = i - -1613. Is p composite?
False
Let o(q) = -137*q + 9. Is o(-20) prime?
True
Let q be (-36900)/(-63) - (32/(-14) - -2). Is q/(-3)*36/(-24) composite?
False
Suppose 46 = -3*z - 89. Let k = -26 - z. Is k a composite number?
False
Let w(u) = 3*u**2 - u. Let x be w(1). Suppose m = 3 + x. Suppose 0 = m*t - 3*t - 1270. Is t a composite number?
True
Suppose 15*u - 3*u = 2*h + 435184, 36269 = u - 2*h. Is u composite?
True
Let h(x) = -6*x - 3. Let a be h(-1). Suppose -5*t - 2*z + 9555 = 3*z, 2*z + 5743 = a*t. Is t a prime number?
True
Suppose -2101 + 831 = -5*b. Suppose 0 = 2*t + 7*x - 3*x - 10, 2*x = 3*t - 15. Suppose -v + 5*h = -b, -3*v - t*h = -1068 + 286. Is v a composite number?
True
Is (-1)/2*((1 - 1) + -12926) a composite number?
True
Let j = -24579 - -42842. Is j a prime number?
False
Is 156693/(-171)*-3*13 composite?
True
Let z = -2571 + 5734. Is z a prime number?
True
Let g = -61 + 65. Suppose 2194 + 4498 = g*z. Is z a composite number?
True
Let h = 7 - 39. Suppose 0 = -3*q, -2*o + 209 = -2*q - 13. Let j = h + o. Is j composite?
False
Suppose 11729 = 4*i + z + 3956, -i - 2*z = -1945. Is i prime?
False
Let u = -744 - -1545. Suppose 4*p - u = p. Is p a composite number?
True
Suppose 0*h + 2 = 3*h - 4*b, 5*b + 6 = 2*h. Is (h/(-6))/((-11)/(-50721)) a prime number?
False
Suppose p - 3*t + 4676 = 6*p, 4*t + 2794 = 3*p. Is p a prime number?
False
Suppose 5*h + 11 = -4*q, 5*h = 5*q - 0*h + 70. Suppose 3*r - 76 = -0*r - 5*f, 0 = -4*r + f + 86. Let o = q + r. Is o a composite number?
False
Suppose 2*q - c = 26627, -q + 5*q - 53257 = c. Is q prime?
False
Let y(w) = -3*w - 2. Let f be y(-3). Suppose 1055 = 12*q - f*q. Is q prime?
True
Suppose -51*n + 48*n = -1332. Suppose 4*d + 2*d = n. Is d a composite number?
True
Suppose -4*l + l + 6184 = w, 0 = -4*l - 5*w + 8227. Is l composite?
False
Let y be 2*(4689/(-2))/(-3). Let m = y - 202. Is m a prime number?
True
Suppose 4*d + 3*d = 3*d. Suppose d = -3*m + 2*m + 953. Is m prime?
True
Let b(f) = 5330*f**2 + 3*f - 2. Is b(1) a prime number?
False
Let g(k) = -k + 5. Let d be g(3). Let c = 2 + d. Suppose -1031 = -4*n + o, -o + 1041 = c*n - 0*o. Is n prime?
False
Suppose 7*z - 20 = 3*z. Suppose 1 = -z*y + 41. Is y/12 - (-578)/6 prime?
True
Let l be 238/42 - (-2)/6. Let k(z) = 10*z**2 + 19. Is k(l) a composite number?
False
Let c(s) = 9*s**3 - 2*s**2 + 18*s - 19. Let q be c(11). Is -10*(q/(-8))/9 composite?
True
Let y(k) = 2*k**3. Let l be y(1). Let a(j) = 37*j**2 + 3*j - 4 - 2*j + 0*j**l + 1. Is a(-2) composite?
True
Suppose -6*k = -2*k - 48740. Is k a composite number?
True
Let g(l) = -l + 11. Let w be g(8). Is (-8 + 2130)*((-3)/(-2))/w prime?
True
Let u = 17 + -15. Suppose -u*j = 8, 3*z = -0*z - j + 194. Is -3 + 1 + 3 + z composite?
False
Let q = 4553 - -5048. Is q a composite number?
False
Let m(i) = 5*i**2 + i + 2. Let q be m(-1). Suppose 3*l = q*l + 2*b - 741, 247 = l + 4*b. Is l composite?
True
Suppose -i + 16 = 3*b + 6, -5*b + 4*i = -45. Suppose -b*q - 5*f = -1040, -f = -4*q + 4*f + 859. Is q a prime number?
True
Let g be 222/10 - 1/5. Let x = -10 + g. Let n = x - -25. Is n prime?
True
Suppose -5*z - 7 - 8 = 0. Let y be z + (1 - (-861 + 4)). Is (-26)/(-3)*y/30 prime?
False
Let c = 23044 + -15290. Let o = 11053 - c. Is o a composite number?
False
Let z(g) be the second derivative of 5*g**3 - g**2/2 + 2*g. Let k be -6*(-2)/(-3)*-1. Is z(k) a composite number?
True
Suppose 47510 = -14*a + 24*a. Is a prime?
True
Suppose 2*n - 6707 = -5*a + 4*a, -4*n - 20141 = -3*a. Is a composite?
True
Let b = 657 + -254. Suppose -7*j + l + b = -2*j, -3*j + 4*l = -252. Is j - (0 + (-3)/(-3)) a prime number?
True
Suppose -2*x - 4 = 12. Let o be 5/(-20) - (-198)/x. Let t = o - -46. Is t a composite number?
True
Suppose -12 = 32*x - 35*x. Suppose x*j - 2301 = j. Is j composite?
True
Let g be (-8)/(-6)*(-18)/(-12). Let f(r) = 79*r - 1. Is f(g) a composite number?
False
Suppose -2*m - 506 = -o - 7*m, 2446 = 5*o - 3*m. Is o a prime number?
True
Let h = 8 - 8. Let w = h - -46. Is w a composite number?
True
Is (-4)/(-30) + (2 - (-292286)/30) a composite number?
True
Let j(m) = 294*m + 113. Is j(2) a composite number?
False
Suppose -62*c + 12028 = -58*c. Is c prime?
False
Let a(k) = -k**2 - 13*k - 11. Let g be a(-13). Is 2 - g*(1 - -32) a prime number?
False
Suppose 10*o - 87957 - 186013 = 0. Is o prime?
True
Suppose 0 = 8*o - 4*o. Suppose 5*q - 5*s = 30, -q - 5*s + 7 - 25 = o. Suppose q*b - 658 = -0*b. Is b prime?
False
Let y(c) = c**2 - 6*c + 4. Let f be y(8). Is (210/f)/((-1)/(-2)) a prime number?
False
Suppose 2*h - 11 = -9. Suppose h + 2 = -u. Is (-12)/(-8)*(-898)/u a composite number?
False
Let a(r) = 1057*r**2 + 29*r - 59. Is a(2) a prime number?
False
Suppose -38*r = -148*r + 5491090. Is r composite?
False
Is (-6)/15 - (-29421)/15 prime?
False
Suppose 3*y + m + 0*m - 89342 = 0, 148870 = 5*y - 5*m. Is y composite?
True
Let b be (-160)/(-26) - 32/208. Suppose -b*k + 5575 = -k. Is k prime?
False
Suppose 2*c + 0*w + 5*w = -171, 0 = c - 5*w + 123. Let m be (-143024)/c + 6/(-14). Is m/3 + 12/18 a composite number?
False
Suppose -u + 4*y = 14, 5*y - 6 = 2*u + 10. Suppose 76 = u*k - 288. Suppose -3*b + 163 = -k. Is b a prime number?
False
Let n be 592/7 - (-9)/21. Suppose 8*h = 7*h + n. Is h prime?
False
Suppose 0 = -65*b + 62*b + 1689. Is b prime?
True
Let t = -587 - -877. Suppose 2*s = t + 62. Suppose 5*q - s = 3*g, 3*q + 3*g + 43 - 163 = 0. Is q a prime number?
True
Let u = 4 + -2. Let g = -20 - -80. Is 1*g/(u - -2) composite?
True
Suppose -5 + 17 = 3*q. Suppose -z + q*i = 225, 0 = -z + i - 4*i - 211. Is (2 - 4)*z/2 prime?
False
Let w = 4 - 38. Let m be 23/1*w/2. Let b = m - -604. Is b a composite number?
True
Suppose 0 = -x - 2. Let q(a) = -2*a**3 - 3*a**2 + 2. Let n be q(x). Let d(f) = f**2 - f + 1. Is d(n) a composite number?
False
Let f be 714/5 - 5/(-50)*2. Suppose -380 = -3*q - f. Is q a prime number?
True
Suppose -z + 4*z - 6 = -b, -5*z = -2*b - 21. Is (227 - b) + 0 + 3 composite?
False
Suppose u - 99519 = -6*u. Suppose 8*m - m - u = 0. Is m a prime number?
False
Suppose -s + 253 - 19 = 0. Suppose y - 384 = -3*m, 5*y - s = -4*m + 289. Is m a prime number?
True
Suppose -n + 3 = -1, -5*s = -3*n - 148. Let v be ((-507)/52)/((-6)/s). Is -1228*(3 - v/16) composite?
False
Let u = -31 - -35. Suppose 160 = o - 2*z, 4*z + u = -0*z. Is o composite?
True
Suppose 0 = -11*t - 53*t + 825152. Is t a prime number?
True
Suppose -2*f - a = -750, -f + 4*a + 227 + 166 = 0. Is f a composite number?
True
Suppose 0*l - 27 = -3*l. Let r(c) = 77*c + 0 + 5*c**2 + 10 - 81*c. Is r(l) a prime number?
True
Let n = 1